{"id":583,"date":"2018-11-13T11:12:41","date_gmt":"2018-11-13T11:12:41","guid":{"rendered":"https:\/\/themes.getmotopress.com\/palmeria\/accommodations\/"},"modified":"2024-09-02T12:00:21","modified_gmt":"2024-09-02T10:00:21","slug":"les-chambres","status":"publish","type":"page","link":"https:\/\/xn--2j-7ja.com\/index.php\/les-chambres\/","title":{"rendered":"Les Chambres"},"content":{"rendered":"\n<p>Situ\u00e9 \u00e0 Fresse, \u00e0 24 km de la gare de Belfort, l&rsquo;\u00d42J propose un jardin, un parking priv\u00e9 gratuit, une terrasse et un salon commun. Pour votre confort, le Bed &amp; Breakfast poss\u00e8de une entr\u00e9e priv\u00e9e. Ce Bed &amp; Breakfast poss\u00e8de des chambres familiales. Les logements comprennent une armoire. Leur salle de bains privative est pourvue d&rsquo;une douche et d&rsquo;un s\u00e8che-cheveux. Le linge de lit et les serviettes de toilette sont fournis. Ce Bed &amp; Breakfast sert un petit-d\u00e9jeuner continental chaque matin. Vous s\u00e9journerez \u00e0 36 km du ch\u00e2teau de Montbeliard et \u00e0 37 km du stade Auguste Bonal. L&rsquo;a\u00e9roport de Mulhouse-Fribourg, le plus proche, est implant\u00e9 \u00e0 91 km.<\/p>\n\n\n\n<div style=\"height:50px\" aria-hidden=\"true\" class=\"wp-block-spacer\"><\/div>\n\n\n<div class=\"mphb_sc_rooms-wrapper mphb-room-types masonry \">    <div class=\"mphb-rooms-shortcode-wrapper\">\n    \n<div class=\"mphb-room-type post-765 mphb_room_type type-mphb_room_type status-publish mphb-room-type-adults-11 mphb-room-type-children-10 has-taxes-and-fees\">\n\n\t\n\t\t<div class=\"room-description-wrapper\">\n\t\t\n<h2 class=\"mphb-room-type-title entry-title\">\n\n<a class=\"mphb-room-type-title\" href=\"https:\/\/xn--2j-7ja.com\/index.php\/accommodation\/dortoir\/\">Dortoir<\/a>\n\n<\/h2>\n<div class=\"mphb-to-book-btn-wrapper\">\n<form action=\"https:\/\/xn--2j-7ja.com\/index.php\/accommodation\/dortoir\/#booking-form-765\" method=\"get\" ><button type=\"submit\" class=\"button mphb-book-button\" >R\u00e9server<\/button><\/form>\n<br\/><\/div>\n\t<\/div>\n\t\n\t\n<\/div>\n\n\n<div class=\"mphb-room-type post-104 mphb_room_type type-mphb_room_type status-publish has-post-thumbnail mphb_room_type_category-double mphb_room_type_facility-armoire-ou-pendrie mphb_room_type_facility-articles-de-toilettes-gratuits mphb_room_type_facility-chauffage-individuel mphb_room_type_facility-cintres mphb_room_type_facility-coin-repas mphb_room_type_facility-douche mphb_room_type_facility-entree-privee mphb_room_type_facility-jardin mphb_room_type_facility-linge-de-maison mphb_room_type_facility-micro-onde mphb_room_type_facility-non-fumeur mphb_room_type_facility-oreillers-et-couvertures-supplementaires mphb_room_type_facility-papier-toilette mphb_room_type_facility-parquet mphb_room_type_facility-prise-pres-du-lit mphb_room_type_facility-refrigerateur mphb_room_type_facility-seche-cheveux mphb_room_type_facility-serviettes mphb_room_type_facility-table-a-manger mphb_room_type_facility-terrasse mphb_room_type_facility-toilettes mphb_room_type_facility-wi-fi mphb-room-type-adults-2 mphb-room-type-children-1 has-taxes-and-fees\">\n\n\t\n\t\t<div class=\"room-images-wrapper\">\n\t\t\n\n\t<p class=\"post-thumbnail mphb-loop-room-thumbnail\">\n\t<a href=\"https:\/\/xn--2j-7ja.com\/index.php\/accommodation\/chambre-double\/\">\n\t<img loading=\"lazy\" decoding=\"async\" width=\"892\" height=\"892\" src=\"https:\/\/xn--2j-7ja.com\/wp-content\/uploads\/2024\/06\/1714990142492-892x892.jpg\" class=\"attachment-palmeria-square size-palmeria-square wp-post-image\" alt=\"\" srcset=\"https:\/\/xn--2j-7ja.com\/wp-content\/uploads\/2024\/06\/1714990142492-892x892.jpg 892w, https:\/\/xn--2j-7ja.com\/wp-content\/uploads\/2024\/06\/1714990142492-150x150.jpg 150w\" sizes=\"auto, (max-width: 892px) 100vw, 892px\" \/>\t<\/a>\n\n\t<\/p>\n\t<\/div>\n\t\t<div class=\"room-description-wrapper\">\n\t\t\n<h2 class=\"mphb-room-type-title entry-title\">\n\n<a class=\"mphb-room-type-title\" href=\"https:\/\/xn--2j-7ja.com\/index.php\/accommodation\/chambre-double\/\">Chambre double<\/a>\n\n<\/h2>\n<div class=\"mphb-to-book-btn-wrapper\">\n<form action=\"https:\/\/xn--2j-7ja.com\/index.php\/accommodation\/chambre-double\/#booking-form-104\" method=\"get\" ><button type=\"submit\" class=\"button mphb-book-button\" >R\u00e9server<\/button><\/form>\n<br\/><\/div>\n\t<\/div>\n\t\n\t\n<\/div>\n\n\n<div class=\"mphb-room-type post-94 mphb_room_type type-mphb_room_type status-publish has-post-thumbnail mphb_room_type_category-quadruple mphb_room_type_facility-armoire-ou-pendrie mphb_room_type_facility-articles-de-toilettes-gratuits mphb_room_type_facility-chauffage-individuel mphb_room_type_facility-cintres mphb_room_type_facility-coin-repas mphb_room_type_facility-douche mphb_room_type_facility-entree-privee mphb_room_type_facility-jardin mphb_room_type_facility-linge-de-maison mphb_room_type_facility-micro-onde mphb_room_type_facility-non-fumeur mphb_room_type_facility-oreillers-et-couvertures-supplementaires mphb_room_type_facility-papier-toilette mphb_room_type_facility-parquet mphb_room_type_facility-prise-pres-du-lit mphb_room_type_facility-refrigerateur mphb_room_type_facility-seche-cheveux mphb_room_type_facility-serviettes mphb_room_type_facility-table-a-manger mphb_room_type_facility-terrasse mphb_room_type_facility-toilettes mphb_room_type_facility-wi-fi mphb-room-type-adults-4 mphb-room-type-children-2 has-taxes-and-fees\">\n\n\t\n\t\t<div class=\"room-images-wrapper\">\n\t\t\n\n\t<p class=\"post-thumbnail mphb-loop-room-thumbnail\">\n\t<a href=\"https:\/\/xn--2j-7ja.com\/index.php\/accommodation\/chambre-quadruple\/\">\n\t<img loading=\"lazy\" decoding=\"async\" width=\"892\" height=\"892\" src=\"https:\/\/xn--2j-7ja.com\/wp-content\/uploads\/2024\/06\/1716812050497-892x892.jpg\" class=\"attachment-palmeria-square size-palmeria-square wp-post-image\" alt=\"\" srcset=\"https:\/\/xn--2j-7ja.com\/wp-content\/uploads\/2024\/06\/1716812050497-892x892.jpg 892w, https:\/\/xn--2j-7ja.com\/wp-content\/uploads\/2024\/06\/1716812050497-150x150.jpg 150w\" sizes=\"auto, (max-width: 892px) 100vw, 892px\" \/>\t<\/a>\n\n\t<\/p>\n\t<\/div>\n\t\t<div class=\"room-description-wrapper\">\n\t\t\n<h2 class=\"mphb-room-type-title entry-title\">\n\n<a class=\"mphb-room-type-title\" href=\"https:\/\/xn--2j-7ja.com\/index.php\/accommodation\/chambre-quadruple\/\">Chambre quadruple<\/a>\n\n<\/h2>\n<div class=\"mphb-to-book-btn-wrapper\">\n<form action=\"https:\/\/xn--2j-7ja.com\/index.php\/accommodation\/chambre-quadruple\/#booking-form-94\" method=\"get\" ><button type=\"submit\" class=\"button mphb-book-button\" >R\u00e9server<\/button><\/form>\n<br\/><\/div>\n\t<\/div>\n\t\n\t\n<\/div>\n\n\n<div class=\"mphb-room-type post-87 mphb_room_type type-mphb_room_type status-publish has-post-thumbnail mphb_room_type_category-familiale mphb_room_type_facility-armoire-ou-pendrie mphb_room_type_facility-articles-de-toilettes-gratuits mphb_room_type_facility-chauffage-individuel mphb_room_type_facility-cintres mphb_room_type_facility-coin-repas mphb_room_type_facility-douche mphb_room_type_facility-entree-privee mphb_room_type_facility-jardin mphb_room_type_facility-linge-de-maison mphb_room_type_facility-micro-onde mphb_room_type_facility-non-fumeur mphb_room_type_facility-oreillers-et-couvertures-supplementaires mphb_room_type_facility-papier-toilette mphb_room_type_facility-parquet mphb_room_type_facility-prise-pres-du-lit mphb_room_type_facility-refrigerateur mphb_room_type_facility-serviettes mphb_room_type_facility-table-a-manger mphb_room_type_facility-terrasse mphb_room_type_facility-toilettes mphb_room_type_facility-wi-fi mphb-room-type-adults-5 mphb-room-type-children-4 has-taxes-and-fees\">\n\n\t\n\t\t<div class=\"room-images-wrapper\">\n\t\t\n\n\t<p class=\"post-thumbnail mphb-loop-room-thumbnail\">\n\t<a href=\"https:\/\/xn--2j-7ja.com\/index.php\/accommodation\/chambre-familiale\/\">\n\t<img loading=\"lazy\" decoding=\"async\" width=\"892\" height=\"892\" src=\"https:\/\/xn--2j-7ja.com\/wp-content\/uploads\/2024\/06\/1714988826947-892x892.jpg\" class=\"attachment-palmeria-square size-palmeria-square wp-post-image\" alt=\"\" srcset=\"https:\/\/xn--2j-7ja.com\/wp-content\/uploads\/2024\/06\/1714988826947-892x892.jpg 892w, https:\/\/xn--2j-7ja.com\/wp-content\/uploads\/2024\/06\/1714988826947-150x150.jpg 150w\" sizes=\"auto, (max-width: 892px) 100vw, 892px\" \/>\t<\/a>\n\n\t<\/p>\n\t<\/div>\n\t\t<div class=\"room-description-wrapper\">\n\t\t\n<h2 class=\"mphb-room-type-title entry-title\">\n\n<a class=\"mphb-room-type-title\" href=\"https:\/\/xn--2j-7ja.com\/index.php\/accommodation\/chambre-familiale\/\">Chambre familiale<\/a>\n\n<\/h2>\n<div class=\"mphb-to-book-btn-wrapper\">\n<form action=\"https:\/\/xn--2j-7ja.com\/index.php\/accommodation\/chambre-familiale\/#booking-form-87\" method=\"get\" ><button type=\"submit\" class=\"button mphb-book-button\" >R\u00e9server<\/button><\/form>\n<br\/><\/div>\n\t<\/div>\n\t\n\t\n<\/div>\n\n    <\/div>\n    <\/div>\n\n\n\n<p><\/p>\n","protected":false},"excerpt":{"rendered":"<p>Situ\u00e9 \u00e0 Fresse, \u00e0 24 km de la gare de Belfort, l&rsquo;\u00d42J propose un jardin, un parking priv\u00e9 gratuit, une terrasse et un salon commun. Pour votre confort, le Bed &amp; Breakfast poss\u00e8de une entr\u00e9e priv\u00e9e. Ce Bed &amp; Breakfast poss\u00e8de des chambres familiales. Les logements comprennent une armoire. Leur salle de bains privative est [&hellip;]<\/p>\n","protected":false},"author":1,"featured_media":652,"parent":0,"menu_order":1,"comment_status":"closed","ping_status":"closed","template":"template-wide-page.php","meta":{"footnotes":""},"class_list":["post-583","page","type-page","status-publish","has-post-thumbnail","hentry"],"yoast_head":"<!-- This site is optimized with the Yoast SEO plugin v27.4 - https:\/\/yoast.com\/product\/yoast-seo-wordpress\/ -->\n<title>Les Chambres - \u00d42J<\/title>\n<meta name=\"robots\" content=\"index, follow, max-snippet:-1, max-image-preview:large, max-video-preview:-1\" \/>\n<link rel=\"canonical\" href=\"https:\/\/xn--2j-7ja.com\/index.php\/les-chambres\/\" \/>\n<meta property=\"og:locale\" content=\"fr_FR\" \/>\n<meta property=\"og:type\" content=\"article\" \/>\n<meta property=\"og:title\" content=\"Les Chambres - \u00d42J\" \/>\n<meta property=\"og:description\" content=\"Situ\u00e9 \u00e0 Fresse, \u00e0 24 km de la gare de Belfort, l&rsquo;\u00d42J propose un jardin, un parking priv\u00e9 gratuit, une terrasse et un salon commun. Pour votre confort, le Bed &amp; Breakfast poss\u00e8de une entr\u00e9e priv\u00e9e. Ce Bed &amp; Breakfast poss\u00e8de des chambres familiales. Les logements comprennent une armoire. Leur salle de bains privative est [&hellip;]\" \/>\n<meta property=\"og:url\" content=\"https:\/\/xn--2j-7ja.com\/index.php\/les-chambres\/\" \/>\n<meta property=\"og:site_name\" content=\"\u00d42J\" \/>\n<meta property=\"article:modified_time\" content=\"2024-09-02T10:00:21+00:00\" \/>\n<meta property=\"og:image\" content=\"http:\/\/xn--2j-7ja.com\/wp-content\/uploads\/2024\/06\/1714991663701-scaled.jpg\" \/>\n\t<meta property=\"og:image:width\" content=\"2560\" \/>\n\t<meta property=\"og:image:height\" content=\"1152\" \/>\n\t<meta property=\"og:image:type\" content=\"image\/jpeg\" \/>\n<meta name=\"twitter:card\" content=\"summary_large_image\" \/>\n<meta name=\"twitter:label1\" content=\"Dur\u00e9e de lecture estim\u00e9e\" \/>\n\t<meta name=\"twitter:data1\" content=\"1 minute\" \/>\n<script type=\"application\/ld+json\" class=\"yoast-schema-graph\">{\"@context\":\"https:\\\/\\\/schema.org\",\"@graph\":[{\"@type\":\"WebPage\",\"@id\":\"https:\\\/\\\/xn--2j-7ja.com\\\/index.php\\\/les-chambres\\\/\",\"url\":\"https:\\\/\\\/xn--2j-7ja.com\\\/index.php\\\/les-chambres\\\/\",\"name\":\"Les Chambres - \u00d42J\",\"isPartOf\":{\"@id\":\"https:\\\/\\\/xn--2j-7ja.com\\\/#website\"},\"primaryImageOfPage\":{\"@id\":\"https:\\\/\\\/xn--2j-7ja.com\\\/index.php\\\/les-chambres\\\/#primaryimage\"},\"image\":{\"@id\":\"https:\\\/\\\/xn--2j-7ja.com\\\/index.php\\\/les-chambres\\\/#primaryimage\"},\"thumbnailUrl\":\"https:\\\/\\\/xn--2j-7ja.com\\\/wp-content\\\/uploads\\\/2024\\\/06\\\/1714991663701-scaled.jpg\",\"datePublished\":\"2018-11-13T11:12:41+00:00\",\"dateModified\":\"2024-09-02T10:00:21+00:00\",\"breadcrumb\":{\"@id\":\"https:\\\/\\\/xn--2j-7ja.com\\\/index.php\\\/les-chambres\\\/#breadcrumb\"},\"inLanguage\":\"fr-FR\",\"potentialAction\":[{\"@type\":\"ReadAction\",\"target\":[\"https:\\\/\\\/xn--2j-7ja.com\\\/index.php\\\/les-chambres\\\/\"]}]},{\"@type\":\"ImageObject\",\"inLanguage\":\"fr-FR\",\"@id\":\"https:\\\/\\\/xn--2j-7ja.com\\\/index.php\\\/les-chambres\\\/#primaryimage\",\"url\":\"https:\\\/\\\/xn--2j-7ja.com\\\/wp-content\\\/uploads\\\/2024\\\/06\\\/1714991663701-scaled.jpg\",\"contentUrl\":\"https:\\\/\\\/xn--2j-7ja.com\\\/wp-content\\\/uploads\\\/2024\\\/06\\\/1714991663701-scaled.jpg\",\"width\":2560,\"height\":1152},{\"@type\":\"BreadcrumbList\",\"@id\":\"https:\\\/\\\/xn--2j-7ja.com\\\/index.php\\\/les-chambres\\\/#breadcrumb\",\"itemListElement\":[{\"@type\":\"ListItem\",\"position\":1,\"name\":\"Accueil\",\"item\":\"https:\\\/\\\/xn--2j-7ja.com\\\/\"},{\"@type\":\"ListItem\",\"position\":2,\"name\":\"Les Chambres\"}]},{\"@type\":\"WebSite\",\"@id\":\"https:\\\/\\\/xn--2j-7ja.com\\\/#website\",\"url\":\"https:\\\/\\\/xn--2j-7ja.com\\\/\",\"name\":\"\u00d42J\",\"description\":\"Chambres d&#039;h\u00f4te g\u00eete\",\"potentialAction\":[{\"@type\":\"SearchAction\",\"target\":{\"@type\":\"EntryPoint\",\"urlTemplate\":\"https:\\\/\\\/xn--2j-7ja.com\\\/?s={search_term_string}\"},\"query-input\":{\"@type\":\"PropertyValueSpecification\",\"valueRequired\":true,\"valueName\":\"search_term_string\"}}],\"inLanguage\":\"fr-FR\"}]}<\/script>\n<!-- \/ Yoast SEO plugin. -->","yoast_head_json":{"title":"Les Chambres - \u00d42J","robots":{"index":"index","follow":"follow","max-snippet":"max-snippet:-1","max-image-preview":"max-image-preview:large","max-video-preview":"max-video-preview:-1"},"canonical":"https:\/\/xn--2j-7ja.com\/index.php\/les-chambres\/","og_locale":"fr_FR","og_type":"article","og_title":"Les Chambres - \u00d42J","og_description":"Situ\u00e9 \u00e0 Fresse, \u00e0 24 km de la gare de Belfort, l&rsquo;\u00d42J propose un jardin, un parking priv\u00e9 gratuit, une terrasse et un salon commun. Pour votre confort, le Bed &amp; Breakfast poss\u00e8de une entr\u00e9e priv\u00e9e. Ce Bed &amp; Breakfast poss\u00e8de des chambres familiales. Les logements comprennent une armoire. Leur salle de bains privative est [&hellip;]","og_url":"https:\/\/xn--2j-7ja.com\/index.php\/les-chambres\/","og_site_name":"\u00d42J","article_modified_time":"2024-09-02T10:00:21+00:00","og_image":[{"width":2560,"height":1152,"url":"http:\/\/xn--2j-7ja.com\/wp-content\/uploads\/2024\/06\/1714991663701-scaled.jpg","type":"image\/jpeg"}],"twitter_card":"summary_large_image","twitter_misc":{"Dur\u00e9e de lecture estim\u00e9e":"1 minute"},"schema":{"@context":"https:\/\/schema.org","@graph":[{"@type":"WebPage","@id":"https:\/\/xn--2j-7ja.com\/index.php\/les-chambres\/","url":"https:\/\/xn--2j-7ja.com\/index.php\/les-chambres\/","name":"Les Chambres - \u00d42J","isPartOf":{"@id":"https:\/\/xn--2j-7ja.com\/#website"},"primaryImageOfPage":{"@id":"https:\/\/xn--2j-7ja.com\/index.php\/les-chambres\/#primaryimage"},"image":{"@id":"https:\/\/xn--2j-7ja.com\/index.php\/les-chambres\/#primaryimage"},"thumbnailUrl":"https:\/\/xn--2j-7ja.com\/wp-content\/uploads\/2024\/06\/1714991663701-scaled.jpg","datePublished":"2018-11-13T11:12:41+00:00","dateModified":"2024-09-02T10:00:21+00:00","breadcrumb":{"@id":"https:\/\/xn--2j-7ja.com\/index.php\/les-chambres\/#breadcrumb"},"inLanguage":"fr-FR","potentialAction":[{"@type":"ReadAction","target":["https:\/\/xn--2j-7ja.com\/index.php\/les-chambres\/"]}]},{"@type":"ImageObject","inLanguage":"fr-FR","@id":"https:\/\/xn--2j-7ja.com\/index.php\/les-chambres\/#primaryimage","url":"https:\/\/xn--2j-7ja.com\/wp-content\/uploads\/2024\/06\/1714991663701-scaled.jpg","contentUrl":"https:\/\/xn--2j-7ja.com\/wp-content\/uploads\/2024\/06\/1714991663701-scaled.jpg","width":2560,"height":1152},{"@type":"BreadcrumbList","@id":"https:\/\/xn--2j-7ja.com\/index.php\/les-chambres\/#breadcrumb","itemListElement":[{"@type":"ListItem","position":1,"name":"Accueil","item":"https:\/\/xn--2j-7ja.com\/"},{"@type":"ListItem","position":2,"name":"Les Chambres"}]},{"@type":"WebSite","@id":"https:\/\/xn--2j-7ja.com\/#website","url":"https:\/\/xn--2j-7ja.com\/","name":"\u00d42J","description":"Chambres d&#039;h\u00f4te g\u00eete","potentialAction":[{"@type":"SearchAction","target":{"@type":"EntryPoint","urlTemplate":"https:\/\/xn--2j-7ja.com\/?s={search_term_string}"},"query-input":{"@type":"PropertyValueSpecification","valueRequired":true,"valueName":"search_term_string"}}],"inLanguage":"fr-FR"}]}},"jetpack_sharing_enabled":true,"_links":{"self":[{"href":"https:\/\/xn--2j-7ja.com\/index.php\/wp-json\/wp\/v2\/pages\/583","targetHints":{"allow":["GET"]}}],"collection":[{"href":"https:\/\/xn--2j-7ja.com\/index.php\/wp-json\/wp\/v2\/pages"}],"about":[{"href":"https:\/\/xn--2j-7ja.com\/index.php\/wp-json\/wp\/v2\/types\/page"}],"author":[{"embeddable":true,"href":"https:\/\/xn--2j-7ja.com\/index.php\/wp-json\/wp\/v2\/users\/1"}],"replies":[{"embeddable":true,"href":"https:\/\/xn--2j-7ja.com\/index.php\/wp-json\/wp\/v2\/comments?post=583"}],"version-history":[{"count":6,"href":"https:\/\/xn--2j-7ja.com\/index.php\/wp-json\/wp\/v2\/pages\/583\/revisions"}],"predecessor-version":[{"id":746,"href":"https:\/\/xn--2j-7ja.com\/index.php\/wp-json\/wp\/v2\/pages\/583\/revisions\/746"}],"wp:featuredmedia":[{"embeddable":true,"href":"https:\/\/xn--2j-7ja.com\/index.php\/wp-json\/wp\/v2\/media\/652"}],"wp:attachment":[{"href":"https:\/\/xn--2j-7ja.com\/index.php\/wp-json\/wp\/v2\/media?parent=583"}],"curies":[{"name":"wp","href":"https:\/\/api.w.org\/{rel}","templated":true}]}}